{"id":1067,"date":"2021-01-21T19:12:50","date_gmt":"2021-01-21T19:12:50","guid":{"rendered":"https:\/\/hospiceyukon.net\/site2\/?page_id=1067"},"modified":"2021-02-22T22:25:17","modified_gmt":"2021-02-22T22:25:17","slug":"public-education","status":"publish","type":"page","link":"https:\/\/hospiceyukon.net\/fr\/services\/public-education\/","title":{"rendered":"\u00c9ducation au public"},"content":{"rendered":"<div class=\"wpb-content-wrapper\"><div class=\"vc_row wpb_row vc_row-fluid\"><div class=\"wpb_column vc_column_container vc_col-sm-3\"><div class=\"vc_column-inner vc_custom_1611606824255\"><div class=\"wpb_wrapper\"><div class=\"testimonial-wrap wpb_content_element\" style=\"color:#373737\"><div class=\"testimonial\"><p class=\"quote\">\n<p style=\"text-align: center;\"><i>\u00ab La planification du deuil et de la perte est une pi\u00e8ce manquante dans notre bo\u00eete \u00e0 outils de leadership. Nous pratiquons r\u00e9guli\u00e8rement des exercices d'incendie et mettons en \u0153uvre des plans d'urgence qui sont rarement n\u00e9cessaires, mais nous ne parvenons pas \u00e0 planifier les \u00e9v\u00e9nements qui ont un impact consid\u00e9rable, comme le deuil et les pertes qui se produiront in\u00e9vitablement sur le lieu de travail \u00bb.<\/i><\/p>\n<\/p><\/div><div class=\"testimonial-author\"><div class=\"testimonial-img\"><img decoding=\"async\" src=\"https:\/\/hospiceyukon.net\/wp-content\/uploads\/2020\/11\/heart_small.png\" alt=\"feel hearts\" \/><\/div><p>Kelvin Leary<span>ancien sous-ministre au minist\u00e8re du Conseil ex\u00e9cutif du Yukon<\/span><\/p><\/div><\/div><\/div><\/div><\/div><div class=\"wpb_column vc_column_container vc_col-sm-9\"><div class=\"vc_column-inner\"><div class=\"wpb_wrapper\"><div\n\t\t\t\n\t\t\tclass=\"so-widget-sow-image so-widget-sow-image-default-c67d20f9f743\"\n\t\t\t\n\t\t>\n<div class=\"sow-image-container\">\n\t\t<img \n\tsrc=\"https:\/\/hospiceyukon.net\/wp-content\/uploads\/2021\/01\/Public-Education-e1611256101334.jpg\" width=\"1200\" height=\"774\" srcset=\"https:\/\/hospiceyukon.net\/wp-content\/uploads\/2021\/01\/Public-Education-e1611256101334.jpg 1200w, https:\/\/hospiceyukon.net\/wp-content\/uploads\/2021\/01\/Public-Education-e1611256101334-300x194.jpg 300w, https:\/\/hospiceyukon.net\/wp-content\/uploads\/2021\/01\/Public-Education-e1611256101334-1024x660.jpg 1024w, https:\/\/hospiceyukon.net\/wp-content\/uploads\/2021\/01\/Public-Education-e1611256101334-768x495.jpg 768w, https:\/\/hospiceyukon.net\/wp-content\/uploads\/2021\/01\/Public-Education-e1611256101334-16x10.jpg 16w\" sizes=\"(max-width: 1200px) 100vw, 1200px\" title=\"\u00c9ducation au public\" alt=\"Public Education workshop\" \t\tclass=\"so-widget-image\"\/>\n\t<\/div>\n\n<\/div><\/div><\/div><\/div><\/div><div class=\"vc_row wpb_row vc_row-fluid\"><div class=\"wpb_column vc_column_container vc_col-sm-3\"><div class=\"vc_column-inner\"><div class=\"wpb_wrapper\"><div class=\"testimonial-wrap wpb_content_element\" style=\"color:#373737\"><div class=\"testimonial\"><p class=\"quote\">\n<p style=\"text-align: center;\"><i>\u00ab Merci. Pour moi, l'atelier de deux jours a permis d'\u00e9tablir des liens importants tant \u00e0 mon travail que dans ma vie personnelle. Le contenu, les outils pratiques et la m\u00e9thode de pr\u00e9sentation se sont d\u00e9roul\u00e9s avec une facilit\u00e9 qui m'a permis de rester engag\u00e9e et a stimul\u00e9 mon int\u00e9r\u00eat pour apprendre, pratiquer et int\u00e9grer ces outils les plus fondamentaux dans ma vie \u00bb.<\/i><\/p>\n<\/p><\/div><div class=\"testimonial-author\"><div class=\"testimonial-img\"><img decoding=\"async\" src=\"https:\/\/hospiceyukon.net\/wp-content\/uploads\/2020\/11\/heart_small.png\" alt=\"feel hearts\" \/><\/div><p>Tracy Rempel<span><\/span><\/p><\/div><\/div><\/div><\/div><\/div><div class=\"wpb_column vc_column_container vc_col-sm-9\"><div class=\"vc_column-inner\"><div class=\"wpb_wrapper\"><div\n\t\t\t\n\t\t\tclass=\"so-widget-sow-editor so-widget-sow-editor-base\"\n\t\t\t\n\t\t>\n<div class=\"siteorigin-widget-tinymce textwidget\">\n\t<div id=\"pgc-1067-0-0\" class=\"panel-grid-cell\" data-weight=\"0.30296610169492\">\u00a0<\/div>\n<div id=\"pgc-1067-0-1\" class=\"panel-grid-cell\" data-weight=\"0.69703389830508\">\n<h4 id=\"panel-1067-0-1-0\" class=\"so-panel widget widget_sow-image panel-first-child\" data-index=\"1\" data-style=\"{&quot;background_image_attachment&quot;:false,&quot;background_display&quot;:&quot;tile&quot;}\">\u00c9ducation au public<\/h4>\n<div id=\"panel-1067-0-1-1\" class=\"so-panel widget widget_sow-editor panel-last-child\" data-index=\"2\" data-style=\"{&quot;padding&quot;:&quot;30px 30px 30px 30px&quot;,&quot;background_image_attachment&quot;:false,&quot;background_display&quot;:&quot;tile&quot;}\">\n<div class=\"panel-widget-style panel-widget-style-for-1067-0-1-1\">\n<div class=\"so-widget-sow-editor so-widget-sow-editor-base\">\n<div class=\"siteorigin-widget-tinymce textwidget\">\n<div class=\"page\" title=\"Page 1\">\n<div class=\"layoutArea\">\n<div class=\"column\">\n<p><span style=\"font-weight: 400;\">De nombreuses personnes ont un d\u00e9sir sinc\u00e8re de soutenir les autres dans les moments difficiles, mais ne savent pas comment s'y prendre et craignent d'aggraver les choses en disant ce qu'il ne faut pas. Nous avons mis sur pied plusieurs ateliers d'\u00e9ducation publique visant \u00e0 sensibiliser le public \u00e0 la mort, au deuil et \u00e0 aux autosoins.\u00a0<\/span><\/p>\n<h5><span style=\"font-weight: 400;\"><strong>Vivre avec la perte : introduction au deuil sain<\/strong><\/span><\/h5>\n<p><span style=\"font-weight: 400;\">Une pr\u00e9sentation de deux heures offerte quatre fois par ann\u00e9e sous forme de webinaire ou en personne \u00e0 la biblioth\u00e8que publique de Whitehorse. Vous pourrez ainsi mieux comprendre le cheminement du deuil et apprendre comment prendre soin de vous et des autres dans les moments difficiles.\u00a0\u00a0<\/span><\/p>\n<p><span style=\"font-weight: 400;\">Consultez notre page d' <a href=\"https:\/\/hospiceyukon.net\/site2\/events\/\">page d'\u00e9v\u00e9nements<\/a> pour conna\u00eetre la prochaine offre de Vivre avec la perte : introduction au deuil sain.<\/span><\/p>\n<h5>Formation professionnelle<\/h5>\n<p><span style=\"font-weight: 400;\">Nous avons deux pr\u00e9sentations \u00e9ducatives destin\u00e9es sp\u00e9cifiquement aux professionnels. La cr\u00e9ation de milieux de travail empreints de compassion, o\u00f9 la perte et le chagrin sont reconnus et soutenus, est essentielle au bien-\u00eatre de toute organisation. Ces deux ateliers ont pour but d'\u00e9duquer et de donner les moyens aux dirigeants et aux travailleurs de premi\u00e8re ligne pour faire face \u00e0 la perte sur le lieu de travail.\u00a0<\/span><\/p>\n<p><span style=\"font-weight: 400;\">Ces deux ateliers sont propos\u00e9s en partenariat avec le Northern Institute of Social Justice et l'Universit\u00e9 du Yukon, et chacun est propos\u00e9 une fois par ann\u00e9e.  Consultez notre page d' <a href=\"https:\/\/hospiceyukon.net\/site2\/events\/\">page d'\u00e9v\u00e9nements<\/a> pour conna\u00eetre la prochaine offre de ces ateliers.<\/span><\/p>\n<h5>Perte et deuil en milieu de travail<\/h5>\n<p>Tout milieu de travail conna\u00eetra in\u00e9vitablement une perte. Lorsque cela se produit - qu'il s'agisse du d\u00e9c\u00e8s d'un coll\u00e8gue, de la perte d'un membre de la famille, d'une maladie chronique ou d'autres pertes - les cons\u00e9quences peuvent se r\u00e9percuter sur l'ensemble du milieu de travail, affectant le moral, la motivation et, en fin de compte, la productivit\u00e9.<\/p>\n<p>Perte, deuil et gu\u00e9rison en milieu de travail est un atelier propos\u00e9 par Hospice Yukon en partenariat avec le Northern Institute of Social Justice et l'Universit\u00e9 du Yukon. Il enseigne des outils pour vous aider \u00e0 vous pr\u00e9parer \u00e0 la perte et au chagrin dans votre environnement de travail, ainsi que des id\u00e9es et des connaissances sur:<\/p>\n<ul>\n<li><span style=\"font-weight: 400;\">La nature du deuil et la fa\u00e7on dont nous gu\u00e9rissons<\/span><\/li>\n<li><span style=\"font-weight: 400;\">Des outils pratiques pour vous aider \u00e0 assurer un leadership efficace en cas de crise et de p\u00e9riodes de stress intense<\/span><\/li>\n<li><span style=\"font-weight: 400;\">Anticiper les d\u00e9fis li\u00e9s au soutien des employ\u00e9s dans les moments difficiles<\/span><\/li>\n<li><span style=\"font-weight: 400;\">Mettre en place un soutien appropri\u00e9 et maintenir la productivit\u00e9 dans votre travail unique<\/span><\/li>\n<\/ul>\n<p><span style=\"font-weight: 400;\">L'atelier est destin\u00e9 aux cadres, aux superviseurs, aux \u00e9ducateurs, aux professionnels des ressources humaines, aux directeurs d'\u00e9cole et \u00e0 toute personne jouant un r\u00f4le de premier plan sur son lieu de travail.<\/span><\/p>\n<h5><b>Donner des soins lors d'une perte ou d'un deuil<\/b><span style=\"font-weight: 400;\"><strong>\u00a0<\/strong><\/span><\/h5>\n<p><span style=\"font-weight: 400;\">Cet atelier est pour les professionnels de premi\u00e8re ligne et les aidants familiaux. Il offre :<\/span><\/p>\n<ul>\n<li><span style=\"font-weight: 400;\">Un regard approfondi sur la mani\u00e8re dont nous faisons notre deuil<\/span><\/li>\n<li><span style=\"font-weight: 400;\">Des comp\u00e9tences et ressources pour soutenir les autres en cas de perte<\/span><\/li>\n<li><span style=\"font-weight: 400;\">Des outils pratiques pour r\u00e9duire le stress et trouver un \u00e9quilibre dans votre vie<\/span><\/li>\n<li><span style=\"font-weight: 400;\">L'occasion de se sentir renouvel\u00e9 et plus confiant pour prendre soin de soi, ainsi que de vos coll\u00e8gues, clients et proches.<\/span><\/li>\n<\/ul>\n<p><span style=\"font-weight: 400;\">Ce webinaire s'adresse aux infirmiers, aux enseignants, aux travailleurs sociaux, au personnel de soins \u00e0 domicile, aux th\u00e9rapeutes, aux \u00e9ducatrices en petite enfance, aux conseillers, au personnel m\u00e9dical d'urgence, aux travailleurs de la sant\u00e9 des Premi\u00e8res nations, \u00e0 la GRC et \u00e0 toute personne qui aide les autres dans le cadre de son travail, y compris les aidants familiaux.<\/span><\/p>\n<\/div>\n<\/div>\n<\/div>\n<\/div>\n<\/div>\n<\/div>\n<\/div>\n<\/div>\n<\/div>\n<\/div><\/div><\/div><\/div><\/div>\n<\/div>","protected":false},"excerpt":{"rendered":"\u201cPlanning for grief and loss is a missing piece in our leadership toolbox.\u00a0We regularly practice fire drills and implement emergency plans that are rarely needed, yet somehow we fail to plan for tremendously impactful events like grief and loss that will inevitably occur in the workplace.\u201d Kelvin LearyFormer DM of ECO \u201cThank you. For me, [...]","protected":false},"author":3,"featured_media":0,"parent":43,"menu_order":0,"comment_status":"closed","ping_status":"closed","template":"","meta":{"footnotes":""},"class_list":["post-1067","page","type-page","status-publish","hentry"],"_links":{"self":[{"href":"https:\/\/hospiceyukon.net\/fr\/wp-json\/wp\/v2\/pages\/1067","targetHints":{"allow":["GET"]}}],"collection":[{"href":"https:\/\/hospiceyukon.net\/fr\/wp-json\/wp\/v2\/pages"}],"about":[{"href":"https:\/\/hospiceyukon.net\/fr\/wp-json\/wp\/v2\/types\/page"}],"author":[{"embeddable":true,"href":"https:\/\/hospiceyukon.net\/fr\/wp-json\/wp\/v2\/users\/3"}],"replies":[{"embeddable":true,"href":"https:\/\/hospiceyukon.net\/fr\/wp-json\/wp\/v2\/comments?post=1067"}],"version-history":[{"count":12,"href":"https:\/\/hospiceyukon.net\/fr\/wp-json\/wp\/v2\/pages\/1067\/revisions"}],"predecessor-version":[{"id":2423,"href":"https:\/\/hospiceyukon.net\/fr\/wp-json\/wp\/v2\/pages\/1067\/revisions\/2423"}],"up":[{"embeddable":true,"href":"https:\/\/hospiceyukon.net\/fr\/wp-json\/wp\/v2\/pages\/43"}],"wp:attachment":[{"href":"https:\/\/hospiceyukon.net\/fr\/wp-json\/wp\/v2\/media?parent=1067"}],"curies":[{"name":"wp","href":"https:\/\/api.w.org\/{rel}","templated":true}]}}

Éducation au public

<div class="wpb-content-wrapper"><div class="vc_row wpb_row vc_row-fluid"><div class="wpb_column vc_column_container vc_col-sm-3"><div class="vc_column-inner vc_custom_1611606824255"><div class="wpb_wrapper"><div class="testimonial-wrap wpb_content_element" style="color:#373737"><div class="testimonial"><p class="quote">
<p style="text-align: center;"><i>« La planification du deuil et de la perte est une pièce manquante dans notre boîte à outils de leadership. Nous pratiquons régulièrement des exercices d'incendie et mettons en œuvre des plans d'urgence qui sont rarement nécessaires, mais nous ne parvenons pas à planifier les événements qui ont un impact considérable, comme le deuil et les pertes qui se produiront inévitablement sur le lieu de travail ».</i></p>
</p></div><div class="testimonial-author"><div class="testimonial-img"><img decoding="async" src="https://hospiceyukon.net/wp-content/uploads/2020/11/heart_small.png" alt="feel hearts" /></div><p>Kelvin Leary<span>ancien sous-ministre au ministère du Conseil exécutif du Yukon</span></p></div></div></div></div></div><div class="wpb_column vc_column_container vc_col-sm-9"><div class="vc_column-inner"><div class="wpb_wrapper"><div
			
			class="so-widget-sow-image so-widget-sow-image-default-c67d20f9f743"
			
		>
<div class="sow-image-container">
		<img 
	src="https://hospiceyukon.net/wp-content/uploads/2021/01/Public-Education-e1611256101334.jpg" width="1200" height="774" srcset="https://hospiceyukon.net/wp-content/uploads/2021/01/Public-Education-e1611256101334.jpg 1200w, https://hospiceyukon.net/wp-content/uploads/2021/01/Public-Education-e1611256101334-300x194.jpg 300w, https://hospiceyukon.net/wp-content/uploads/2021/01/Public-Education-e1611256101334-1024x660.jpg 1024w, https://hospiceyukon.net/wp-content/uploads/2021/01/Public-Education-e1611256101334-768x495.jpg 768w, https://hospiceyukon.net/wp-content/uploads/2021/01/Public-Education-e1611256101334-16x10.jpg 16w" sizes="(max-width: 1200px) 100vw, 1200px" title="Éducation au public" alt="Public Education workshop" 		class="so-widget-image"/>
	</div>

</div></div></div></div></div><div class="vc_row wpb_row vc_row-fluid"><div class="wpb_column vc_column_container vc_col-sm-3"><div class="vc_column-inner"><div class="wpb_wrapper"><div class="testimonial-wrap wpb_content_element" style="color:#373737"><div class="testimonial"><p class="quote">
<p style="text-align: center;"><i>« Merci. Pour moi, l'atelier de deux jours a permis d'établir des liens importants tant à mon travail que dans ma vie personnelle. Le contenu, les outils pratiques et la méthode de présentation se sont déroulés avec une facilité qui m'a permis de rester engagée et a stimulé mon intérêt pour apprendre, pratiquer et intégrer ces outils les plus fondamentaux dans ma vie ».</i></p>
</p></div><div class="testimonial-author"><div class="testimonial-img"><img decoding="async" src="https://hospiceyukon.net/wp-content/uploads/2020/11/heart_small.png" alt="feel hearts" /></div><p>Tracy Rempel<span></span></p></div></div></div></div></div><div class="wpb_column vc_column_container vc_col-sm-9"><div class="vc_column-inner"><div class="wpb_wrapper"><div
			
			class="so-widget-sow-editor so-widget-sow-editor-base"
			
		>
<div class="siteorigin-widget-tinymce textwidget">
	<div id="pgc-1067-0-0" class="panel-grid-cell" data-weight="0.30296610169492"> </div>
<div id="pgc-1067-0-1" class="panel-grid-cell" data-weight="0.69703389830508">
<h4 id="panel-1067-0-1-0" class="so-panel widget widget_sow-image panel-first-child" data-index="1" data-style="{&quot;background_image_attachment&quot;:false,&quot;background_display&quot;:&quot;tile&quot;}">Éducation au public</h4>
<div id="panel-1067-0-1-1" class="so-panel widget widget_sow-editor panel-last-child" data-index="2" data-style="{&quot;padding&quot;:&quot;30px 30px 30px 30px&quot;,&quot;background_image_attachment&quot;:false,&quot;background_display&quot;:&quot;tile&quot;}">
<div class="panel-widget-style panel-widget-style-for-1067-0-1-1">
<div class="so-widget-sow-editor so-widget-sow-editor-base">
<div class="siteorigin-widget-tinymce textwidget">
<div class="page" title="Page 1">
<div class="layoutArea">
<div class="column">
<p><span style="font-weight: 400;">De nombreuses personnes ont un désir sincère de soutenir les autres dans les moments difficiles, mais ne savent pas comment s'y prendre et craignent d'aggraver les choses en disant ce qu'il ne faut pas. Nous avons mis sur pied plusieurs ateliers d'éducation publique visant à sensibiliser le public à la mort, au deuil et à aux autosoins. </span></p>
<h5><span style="font-weight: 400;"><strong>Vivre avec la perte : introduction au deuil sain</strong></span></h5>
<p><span style="font-weight: 400;">Une présentation de deux heures offerte quatre fois par année sous forme de webinaire ou en personne à la bibliothèque publique de Whitehorse. Vous pourrez ainsi mieux comprendre le cheminement du deuil et apprendre comment prendre soin de vous et des autres dans les moments difficiles.  </span></p>
<p><span style="font-weight: 400;">Consultez notre page d' <a href="https://hospiceyukon.net/site2/events/">page d'événements</a> pour connaître la prochaine offre de Vivre avec la perte : introduction au deuil sain.</span></p>
<h5>Formation professionnelle</h5>
<p><span style="font-weight: 400;">Nous avons deux présentations éducatives destinées spécifiquement aux professionnels. La création de milieux de travail empreints de compassion, où la perte et le chagrin sont reconnus et soutenus, est essentielle au bien-être de toute organisation. Ces deux ateliers ont pour but d'éduquer et de donner les moyens aux dirigeants et aux travailleurs de première ligne pour faire face à la perte sur le lieu de travail. </span></p>
<p><span style="font-weight: 400;">Ces deux ateliers sont proposés en partenariat avec le Northern Institute of Social Justice et l'Université du Yukon, et chacun est proposé une fois par année.  Consultez notre page d' <a href="https://hospiceyukon.net/site2/events/">page d'événements</a> pour connaître la prochaine offre de ces ateliers.</span></p>
<h5>Perte et deuil en milieu de travail</h5>
<p>Tout milieu de travail connaîtra inévitablement une perte. Lorsque cela se produit - qu'il s'agisse du décès d'un collègue, de la perte d'un membre de la famille, d'une maladie chronique ou d'autres pertes - les conséquences peuvent se répercuter sur l'ensemble du milieu de travail, affectant le moral, la motivation et, en fin de compte, la productivité.</p>
<p>Perte, deuil et guérison en milieu de travail est un atelier proposé par Hospice Yukon en partenariat avec le Northern Institute of Social Justice et l'Université du Yukon. Il enseigne des outils pour vous aider à vous préparer à la perte et au chagrin dans votre environnement de travail, ainsi que des idées et des connaissances sur:</p>
<ul>
<li><span style="font-weight: 400;">La nature du deuil et la façon dont nous guérissons</span></li>
<li><span style="font-weight: 400;">Des outils pratiques pour vous aider à assurer un leadership efficace en cas de crise et de périodes de stress intense</span></li>
<li><span style="font-weight: 400;">Anticiper les défis liés au soutien des employés dans les moments difficiles</span></li>
<li><span style="font-weight: 400;">Mettre en place un soutien approprié et maintenir la productivité dans votre travail unique</span></li>
</ul>
<p><span style="font-weight: 400;">L'atelier est destiné aux cadres, aux superviseurs, aux éducateurs, aux professionnels des ressources humaines, aux directeurs d'école et à toute personne jouant un rôle de premier plan sur son lieu de travail.</span></p>
<h5><b>Donner des soins lors d'une perte ou d'un deuil</b><span style="font-weight: 400;"><strong> </strong></span></h5>
<p><span style="font-weight: 400;">Cet atelier est pour les professionnels de première ligne et les aidants familiaux. Il offre :</span></p>
<ul>
<li><span style="font-weight: 400;">Un regard approfondi sur la manière dont nous faisons notre deuil</span></li>
<li><span style="font-weight: 400;">Des compétences et ressources pour soutenir les autres en cas de perte</span></li>
<li><span style="font-weight: 400;">Des outils pratiques pour réduire le stress et trouver un équilibre dans votre vie</span></li>
<li><span style="font-weight: 400;">L'occasion de se sentir renouvelé et plus confiant pour prendre soin de soi, ainsi que de vos collègues, clients et proches.</span></li>
</ul>
<p><span style="font-weight: 400;">Ce webinaire s'adresse aux infirmiers, aux enseignants, aux travailleurs sociaux, au personnel de soins à domicile, aux thérapeutes, aux éducatrices en petite enfance, aux conseillers, au personnel médical d'urgence, aux travailleurs de la santé des Premières nations, à la GRC et à toute personne qui aide les autres dans le cadre de son travail, y compris les aidants familiaux.</span></p>
</div>
</div>
</div>
</div>
</div>
</div>
</div>
</div>
</div>
</div></div></div></div></div>
</div>
