{"id":1032,"date":"2021-01-21T18:34:22","date_gmt":"2021-01-21T18:34:22","guid":{"rendered":"https:\/\/hospiceyukon.net\/site2\/?page_id=1032"},"modified":"2021-02-22T22:17:01","modified_gmt":"2021-02-22T22:17:01","slug":"grief-groups","status":"publish","type":"page","link":"https:\/\/hospiceyukon.net\/fr\/services\/grief-groups\/","title":{"rendered":"Groupes sur le deuil"},"content":{"rendered":"<div class=\"wpb-content-wrapper\"><div class=\"vc_row wpb_row vc_row-fluid\"><div class=\"wpb_column vc_column_container vc_col-sm-3\"><div class=\"vc_column-inner vc_custom_1611606824255\"><div class=\"wpb_wrapper\"><div class=\"testimonial-wrap wpb_content_element\" style=\"color:#373737\"><div class=\"testimonial\"><p class=\"quote\">\n<p><i><span style=\"font-weight: 400;\">\u00ab Le groupe de soutien aux personnes en deuil a \u00e9t\u00e9 merveilleux \u00e0 bien des \u00e9gards : les gens, les histoires et le soutien. Mais le plus r\u00e9confortant pour moi a \u00e9t\u00e9 d'avoir la permission et l'espace de venir chaque semaine pour me souvenir, parler et honorer les personnes sp\u00e9ciales que j'avais r\u00e9cemment perdues \u00bb.<\/span><\/i><\/p>\n<\/p><\/div><div class=\"testimonial-author\"><div class=\"testimonial-img\"><img decoding=\"async\" src=\"https:\/\/hospiceyukon.net\/wp-content\/uploads\/2020\/11\/heart_small.png\" alt=\"feel hearts\" \/><\/div><p>Sheila Benson<span>client du service de soutien psychologique<\/span><\/p><\/div><\/div><div class=\"vc_separator wpb_content_element vc_separator_align_center vc_sep_width_100 vc_sep_pos_align_center vc_separator_no_text wpb_content_element  wpb_content_element\" ><span class=\"vc_sep_holder vc_sep_holder_l\"><span style=\"border-color:#ffce1b;\" class=\"vc_sep_line\"><\/span><\/span><span class=\"vc_sep_holder vc_sep_holder_r\"><span style=\"border-color:#ffce1b;\" class=\"vc_sep_line\"><\/span><\/span>\n<\/div><\/div><\/div><\/div><div class=\"wpb_column vc_column_container vc_col-sm-9\"><div class=\"vc_column-inner\"><div class=\"wpb_wrapper\"><div\n\t\t\t\n\t\t\tclass=\"so-widget-sow-image so-widget-sow-image-default-c67d20f9f743\"\n\t\t\t\n\t\t>\n<div class=\"sow-image-container\">\n\t\t<img \n\tsrc=\"https:\/\/hospiceyukon.net\/wp-content\/uploads\/2020\/12\/119082997_3610119309007281_7550757280089683888_o-2-e1607980587536.jpg\" width=\"1817\" height=\"872\" srcset=\"https:\/\/hospiceyukon.net\/wp-content\/uploads\/2020\/12\/119082997_3610119309007281_7550757280089683888_o-2-e1607980587536.jpg 1817w, https:\/\/hospiceyukon.net\/wp-content\/uploads\/2020\/12\/119082997_3610119309007281_7550757280089683888_o-2-e1607980587536-300x144.jpg 300w, https:\/\/hospiceyukon.net\/wp-content\/uploads\/2020\/12\/119082997_3610119309007281_7550757280089683888_o-2-e1607980587536-1024x491.jpg 1024w, https:\/\/hospiceyukon.net\/wp-content\/uploads\/2020\/12\/119082997_3610119309007281_7550757280089683888_o-2-e1607980587536-768x369.jpg 768w, https:\/\/hospiceyukon.net\/wp-content\/uploads\/2020\/12\/119082997_3610119309007281_7550757280089683888_o-2-e1607980587536-1536x737.jpg 1536w\" sizes=\"(max-width: 1817px) 100vw, 1817px\" title=\"119082997_3610119309007281_7550757280089683888_o-2\" alt=\"walking group\" \t\tclass=\"so-widget-image\"\/>\n\t<\/div>\n\n<\/div><\/div><\/div><\/div><\/div><div class=\"vc_row wpb_row vc_row-fluid vc_custom_1611610244202\"><div class=\"wpb_column vc_column_container vc_col-sm-3\"><div class=\"vc_column-inner\"><div class=\"wpb_wrapper\"><div class=\"testimonial-wrap wpb_content_element\" style=\"color:#373737\"><div class=\"testimonial\"><p class=\"quote\">\n<p><i><span style=\"font-weight: 400;\">\u00ab J'\u00e9tais r\u00e9ticente \u00e0 aller au groupe de soutien aux personnes en deuil, pensant que c'\u00e9tait trop de temps \u00e0 prendre sur mon \u00ab emploi du temps charg\u00e9 et important \u00bb. C'est devenu la meilleure partie de mon emploi du temps et la chose la plus importante \u00e0 faire pour prendre soin de moi. J'attendais avec impatience chaque s\u00e9ance et l'espace chaleureux et r\u00e9confortant o\u00f9 renouvelles amiti\u00e9s se sont forg\u00e9es. \u00bb<\/span><\/i><\/p>\n<\/p><\/div><div class=\"testimonial-author\"><div class=\"testimonial-img\"><img decoding=\"async\" src=\"https:\/\/hospiceyukon.net\/wp-content\/uploads\/2020\/11\/heart_small.png\" alt=\"feel hearts\" \/><\/div><p>Marnie Buyck<span>client du service de soutien psychologique<\/span><\/p><\/div><\/div><\/div><\/div><\/div><div class=\"wpb_column vc_column_container vc_col-sm-9\"><div class=\"vc_column-inner\"><div class=\"wpb_wrapper\"><div\n\t\t\t\n\t\t\tclass=\"so-widget-sow-editor so-widget-sow-editor-base\"\n\t\t\t\n\t\t>\n<div class=\"siteorigin-widget-tinymce textwidget\">\n\t<h4>Groupes sur le deuil<\/h4>\n<p>Nous proposons divers groupes pour soutenir les diff\u00e9rentes fa\u00e7ons dont les gens trouvent la gu\u00e9rison dans leur deuil. Nos groupes de deuil sont anim\u00e9s par des b\u00e9n\u00e9voles form\u00e9s d\u2019Hospice Yukon. Nous r\u00e9visons et am\u00e9liorons constamment nos services afin de r\u00e9pondre aux besoins changeants des Yukonnais. Consultez notre <a href=\"https:\/\/hospiceyukon.net\/site2\/en\/events\/\">page d'\u00e9v\u00e9nements<\/a> pour conna\u00eetre les occasions \u00e0 venir pour les groupes de soutien \u00e0 venir.<\/p>\n<p>Si vous avez des questions, n'h\u00e9sitez pas \u00e0 nous contacter par <a href=\"info@hospiceyukon.net\">courriel<\/a>.<\/p>\n<h5>Groupe de marche<\/h5>\n<p>Le groupe de marche offre \u00e0 ceux qui pleurent la mort d'un \u00eatre cher la possibilit\u00e9 de se connecter avec d'autres personnes, de prendre l'air et de faire de l'exercice en douceur. Les b\u00e9n\u00e9voles d\u2019Hospice cr\u00e9ent un environnement de groupe favorable et un lieu s\u00fbr pour partager. Le groupe marche \u00e0 un rythme facile \u00e0 deux autour du sentier Millennium de 4 km.\u00a0<\/p>\n<p>Le groupe de marche est propos\u00e9 deux fois par an, au printemps et \u00e0 l'automne. Consultez notre <a href=\"https:\/\/hospiceyukon.net\/site2\/events\/\">page d'\u00e9v\u00e9nements<\/a>\u00a0pour conna\u00eetre les offres \u00e0 venir.\u00a0<\/p>\n<p><strong><i>\u00ab Je me suis fait de nouveaux amis et c'\u00e9tait tellement important de continuer \u00e0 parler et \u00e0 partager et de garder vivants les souvenirs de mes proches. \u00bb\u00a0<\/i><\/strong><\/p>\n<h5>Groupe de discussion<strong><br \/><\/strong><\/h5>\n<p>Les groupes de discussion sur le deuil offrent un lieu s\u00fbr pour faire son deuil, partager des histoires et exprimer ses sentiments. Trouver un soutien et \u00e9tablir des liens avec d'autres personnes qui vivent \u00e9galement une perte est r\u00e9confortant et apaisant. Le personnel et les b\u00e9n\u00e9voles d'Hospice facilitent les groupes et proposent des sujets de discussion pour l'apprentissage et l'exploration.<\/p>\n<p>Consultez notre page d' <a href=\"https:\/\/hospiceyukon.net\/site2\/events\/\">page d'\u00e9v\u00e9nements<\/a> pour conna\u00eetre les offres \u00e0 venir.\u00a0<\/p>\n<h5>Groupe de journal intime sur le deuil<\/h5>\n<p>Le journal intime est un outil d'adaptation \u00e9prouv\u00e9 pour explorer les \u00e9motions intenses que nous ressentons apr\u00e8s avoir perdu un \u00eatre cher. Cet atelier enseigne les techniques de tenue d'un journal et permet aux participants d'explorer une perte dont ils font le deuil par l'\u00e9criture. Aucune exp\u00e9rience pr\u00e9alable de tenue d'un journal n'est n\u00e9cessaire.<\/p>\n<p>Consultez notre page d' <a href=\"https:\/\/hospiceyukon.net\/site2\/events\/\">page d'\u00e9v\u00e9nements<\/a> pour conna\u00eetre les offres \u00e0 venir.\u00a0<\/p>\n<h5>Perte et expression cr\u00e9ative<\/h5>\n<p>Souvent, dans notre vie tr\u00e9pidante, il semble que nous n'ayons pas le temps de faire notre deuil. Ce programme d'une s\u00e9ance offre un espace de soutien pour explorer une perte par le biais du collage, de la peinture, de l'\u00e9criture ou de la cr\u00e9ation d'une bo\u00eete \u00e0 souvenirs. En se concentrant sur le processus plut\u00f4t que sur le produit final, les participants peuvent approfondir leur gu\u00e9rison lorsqu'ils expriment leurs \u00e9motions de mani\u00e8re non verbale.<\/p>\n<p>Consultez notre page d' <a href=\"https:\/\/hospiceyukon.net\/site2\/events\/\">page d'\u00e9v\u00e9nements<\/a> pour conna\u00eetre les offres \u00e0 venir.\u00a0<\/p>\n<p><i><strong>\u00ab J'ai vraiment appr\u00e9ci\u00e9 le format du groupe - la connexion personnelle au d\u00e9but et \u00e0 la fin, et le temps de travailler sur notre propre processus et \u00e0 notre propre rythme. Comme toujours, j'appr\u00e9cie la chaleur, le soutien attentionn\u00e9 et l'encadrement d'Hospice Yukon. Merci beaucoup pour tous vos services, votre temps, votre \u00e9nergie et votre authenticit\u00e9 \u00bb.\u00a0<\/strong>\u00a0<\/i><\/p>\n<h5><strong>Groupe de po\u00e9sie<\/strong> sur le deuil<\/h5>\n<p>Il s'agit d'un atelier d'\u00e9criture o\u00f9 vous pouvez explorer une perte dont vous \u00eates en deuil par le biais de la po\u00e9sie. Aucune exp\u00e9rience pr\u00e9alable d'\u00e9criture de po\u00e8mes n'est n\u00e9cessaire, il suffit de s'int\u00e9resser \u00e0 l'utilisation de la po\u00e9sie comme moyen d'exprimer des \u00e9motions ou de marquer des \u00e9v\u00e9nements importants de la vie. Il ne s'agit pas d'un groupe de soutien, mais d'une occasion d'apprendre \u00e0 utiliser la po\u00e9sie pour faire face au deuil.\u00a0<\/p>\n<p>Consultez notre page d' <a href=\"https:\/\/hospiceyukon.net\/site2\/events\/\">page d'\u00e9v\u00e9nements<\/a> pour conna\u00eetre les offres \u00e0 venir.\u00a0<\/p>\n<h5><strong>Cr\u00e9e-enfant<\/strong><\/h5>\n<p>Le lien entre la t\u00eate, le c\u0153ur et les mains aide les enfants \u00e0 exprimer des sentiments profonds. Exprimer la perte par des exp\u00e9riences cr\u00e9atives est une partie importante d'un deuil sain et peut enseigner aux enfants des strat\u00e9gies d'adaptation positives qui dureront toute la vie.<\/p>\n<p>Pendant un apr\u00e8s-midi, les enfants \u00e2g\u00e9s de 6 \u00e0 12 ans participent avec un adulte ou un parent \u00e0 la comm\u00e9moration du d\u00e9c\u00e8s d'une personne ou d'un animal de compagnie qui leur \u00e9tait cher. Les b\u00e9n\u00e9voles d\u2019Hospice les guident \u00e0 travers des activit\u00e9s simples de bricolage, de dessin et, en option, de spectacle et de r\u00e9cit. Les enfants y assistent avec un adulte et participent ensemble \u00e0 l'atelier.<\/p>\n<p>Consultez notre page d' <a href=\"https:\/\/hospiceyukon.net\/site2\/events\/\">page d'\u00e9v\u00e9nements<\/a> pour conna\u00eetre les offres \u00e0 venir.\u00a0<\/p>\n<\/div>\n<\/div><\/div><\/div><\/div><\/div>\n<\/div>","protected":false},"excerpt":{"rendered":"\u201cThe grief support group was wonderful in so many ways-the people, the stories, and the support. The most healing part for me however, was having the permission and the space to come each week to remember, talk about and honour the special people I had recently lost.\u201d Sheila Bensoncounselling client \u201cI was reluctant to go [...]","protected":false},"author":3,"featured_media":0,"parent":43,"menu_order":0,"comment_status":"closed","ping_status":"closed","template":"","meta":{"footnotes":""},"class_list":["post-1032","page","type-page","status-publish","hentry"],"_links":{"self":[{"href":"https:\/\/hospiceyukon.net\/fr\/wp-json\/wp\/v2\/pages\/1032","targetHints":{"allow":["GET"]}}],"collection":[{"href":"https:\/\/hospiceyukon.net\/fr\/wp-json\/wp\/v2\/pages"}],"about":[{"href":"https:\/\/hospiceyukon.net\/fr\/wp-json\/wp\/v2\/types\/page"}],"author":[{"embeddable":true,"href":"https:\/\/hospiceyukon.net\/fr\/wp-json\/wp\/v2\/users\/3"}],"replies":[{"embeddable":true,"href":"https:\/\/hospiceyukon.net\/fr\/wp-json\/wp\/v2\/comments?post=1032"}],"version-history":[{"count":19,"href":"https:\/\/hospiceyukon.net\/fr\/wp-json\/wp\/v2\/pages\/1032\/revisions"}],"predecessor-version":[{"id":1530,"href":"https:\/\/hospiceyukon.net\/fr\/wp-json\/wp\/v2\/pages\/1032\/revisions\/1530"}],"up":[{"embeddable":true,"href":"https:\/\/hospiceyukon.net\/fr\/wp-json\/wp\/v2\/pages\/43"}],"wp:attachment":[{"href":"https:\/\/hospiceyukon.net\/fr\/wp-json\/wp\/v2\/media?parent=1032"}],"curies":[{"name":"wp","href":"https:\/\/api.w.org\/{rel}","templated":true}]}}

<div class="wpb-content-wrapper"><div class="vc_row wpb_row vc_row-fluid"><div class="wpb_column vc_column_container vc_col-sm-3"><div class="vc_column-inner vc_custom_1611606824255"><div class="wpb_wrapper"><div class="testimonial-wrap wpb_content_element" style="color:#373737"><div class="testimonial"><p class="quote">
<p><i><span style="font-weight: 400;">« Le groupe de soutien aux personnes en deuil a été merveilleux à bien des égards : les gens, les histoires et le soutien. Mais le plus réconfortant pour moi a été d'avoir la permission et l'espace de venir chaque semaine pour me souvenir, parler et honorer les personnes spéciales que j'avais récemment perdues ».</span></i></p>
</p></div><div class="testimonial-author"><div class="testimonial-img"><img decoding="async" src="https://hospiceyukon.net/wp-content/uploads/2020/11/heart_small.png" alt="feel hearts" /></div><p>Sheila Benson<span>client du service de soutien psychologique</span></p></div></div><div class="vc_separator wpb_content_element vc_separator_align_center vc_sep_width_100 vc_sep_pos_align_center vc_separator_no_text wpb_content_element  wpb_content_element" ><span class="vc_sep_holder vc_sep_holder_l"><span style="border-color:#ffce1b;" class="vc_sep_line"></span></span><span class="vc_sep_holder vc_sep_holder_r"><span style="border-color:#ffce1b;" class="vc_sep_line"></span></span>
</div></div></div></div><div class="wpb_column vc_column_container vc_col-sm-9"><div class="vc_column-inner"><div class="wpb_wrapper"><div
			
			class="so-widget-sow-image so-widget-sow-image-default-c67d20f9f743"
			
		>
<div class="sow-image-container">
		<img 
	src="https://hospiceyukon.net/wp-content/uploads/2020/12/119082997_3610119309007281_7550757280089683888_o-2-e1607980587536.jpg" width="1817" height="872" srcset="https://hospiceyukon.net/wp-content/uploads/2020/12/119082997_3610119309007281_7550757280089683888_o-2-e1607980587536.jpg 1817w, https://hospiceyukon.net/wp-content/uploads/2020/12/119082997_3610119309007281_7550757280089683888_o-2-e1607980587536-300x144.jpg 300w, https://hospiceyukon.net/wp-content/uploads/2020/12/119082997_3610119309007281_7550757280089683888_o-2-e1607980587536-1024x491.jpg 1024w, https://hospiceyukon.net/wp-content/uploads/2020/12/119082997_3610119309007281_7550757280089683888_o-2-e1607980587536-768x369.jpg 768w, https://hospiceyukon.net/wp-content/uploads/2020/12/119082997_3610119309007281_7550757280089683888_o-2-e1607980587536-1536x737.jpg 1536w" sizes="(max-width: 1817px) 100vw, 1817px" title="119082997_3610119309007281_7550757280089683888_o-2" alt="walking group" 		class="so-widget-image"/>
	</div>

</div></div></div></div></div><div class="vc_row wpb_row vc_row-fluid vc_custom_1611610244202"><div class="wpb_column vc_column_container vc_col-sm-3"><div class="vc_column-inner"><div class="wpb_wrapper"><div class="testimonial-wrap wpb_content_element" style="color:#373737"><div class="testimonial"><p class="quote">
<p><i><span style="font-weight: 400;">« J'étais réticente à aller au groupe de soutien aux personnes en deuil, pensant que c'était trop de temps à prendre sur mon « emploi du temps chargé et important ». C'est devenu la meilleure partie de mon emploi du temps et la chose la plus importante à faire pour prendre soin de moi. J'attendais avec impatience chaque séance et l'espace chaleureux et réconfortant où renouvelles amitiés se sont forgées. »</span></i></p>
</p></div><div class="testimonial-author"><div class="testimonial-img"><img decoding="async" src="https://hospiceyukon.net/wp-content/uploads/2020/11/heart_small.png" alt="feel hearts" /></div><p>Marnie Buyck<span>client du service de soutien psychologique</span></p></div></div></div></div></div><div class="wpb_column vc_column_container vc_col-sm-9"><div class="vc_column-inner"><div class="wpb_wrapper"><div
			
			class="so-widget-sow-editor so-widget-sow-editor-base"
			
		>
<div class="siteorigin-widget-tinymce textwidget">
	<h4>Groupes sur le deuil</h4>
<p>Nous proposons divers groupes pour soutenir les différentes façons dont les gens trouvent la guérison dans leur deuil. Nos groupes de deuil sont animés par des bénévoles formés d’Hospice Yukon. Nous révisons et améliorons constamment nos services afin de répondre aux besoins changeants des Yukonnais. Consultez notre <a href="https://hospiceyukon.net/site2/en/events/">page d'événements</a> pour connaître les occasions à venir pour les groupes de soutien à venir.</p>
<p>Si vous avez des questions, n'hésitez pas à nous contacter par <a href="info@hospiceyukon.net">courriel</a>.</p>
<h5>Groupe de marche</h5>
<p>Le groupe de marche offre à ceux qui pleurent la mort d'un être cher la possibilité de se connecter avec d'autres personnes, de prendre l'air et de faire de l'exercice en douceur. Les bénévoles d’Hospice créent un environnement de groupe favorable et un lieu sûr pour partager. Le groupe marche à un rythme facile à deux autour du sentier Millennium de 4 km. </p>
<p>Le groupe de marche est proposé deux fois par an, au printemps et à l'automne. Consultez notre <a href="https://hospiceyukon.net/site2/events/">page d'événements</a> pour connaître les offres à venir. </p>
<p><strong><i>« Je me suis fait de nouveaux amis et c'était tellement important de continuer à parler et à partager et de garder vivants les souvenirs de mes proches. » </i></strong></p>
<h5>Groupe de discussion<strong><br /></strong></h5>
<p>Les groupes de discussion sur le deuil offrent un lieu sûr pour faire son deuil, partager des histoires et exprimer ses sentiments. Trouver un soutien et établir des liens avec d'autres personnes qui vivent également une perte est réconfortant et apaisant. Le personnel et les bénévoles d'Hospice facilitent les groupes et proposent des sujets de discussion pour l'apprentissage et l'exploration.</p>
<p>Consultez notre page d' <a href="https://hospiceyukon.net/site2/events/">page d'événements</a> pour connaître les offres à venir. </p>
<h5>Groupe de journal intime sur le deuil</h5>
<p>Le journal intime est un outil d'adaptation éprouvé pour explorer les émotions intenses que nous ressentons après avoir perdu un être cher. Cet atelier enseigne les techniques de tenue d'un journal et permet aux participants d'explorer une perte dont ils font le deuil par l'écriture. Aucune expérience préalable de tenue d'un journal n'est nécessaire.</p>
<p>Consultez notre page d' <a href="https://hospiceyukon.net/site2/events/">page d'événements</a> pour connaître les offres à venir. </p>
<h5>Perte et expression créative</h5>
<p>Souvent, dans notre vie trépidante, il semble que nous n'ayons pas le temps de faire notre deuil. Ce programme d'une séance offre un espace de soutien pour explorer une perte par le biais du collage, de la peinture, de l'écriture ou de la création d'une boîte à souvenirs. En se concentrant sur le processus plutôt que sur le produit final, les participants peuvent approfondir leur guérison lorsqu'ils expriment leurs émotions de manière non verbale.</p>
<p>Consultez notre page d' <a href="https://hospiceyukon.net/site2/events/">page d'événements</a> pour connaître les offres à venir. </p>
<p><i><strong>« J'ai vraiment apprécié le format du groupe - la connexion personnelle au début et à la fin, et le temps de travailler sur notre propre processus et à notre propre rythme. Comme toujours, j'apprécie la chaleur, le soutien attentionné et l'encadrement d'Hospice Yukon. Merci beaucoup pour tous vos services, votre temps, votre énergie et votre authenticité ». </strong> </i></p>
<h5><strong>Groupe de poésie</strong> sur le deuil</h5>
<p>Il s'agit d'un atelier d'écriture où vous pouvez explorer une perte dont vous êtes en deuil par le biais de la poésie. Aucune expérience préalable d'écriture de poèmes n'est nécessaire, il suffit de s'intéresser à l'utilisation de la poésie comme moyen d'exprimer des émotions ou de marquer des événements importants de la vie. Il ne s'agit pas d'un groupe de soutien, mais d'une occasion d'apprendre à utiliser la poésie pour faire face au deuil. </p>
<p>Consultez notre page d' <a href="https://hospiceyukon.net/site2/events/">page d'événements</a> pour connaître les offres à venir. </p>
<h5><strong>Crée-enfant</strong></h5>
<p>Le lien entre la tête, le cœur et les mains aide les enfants à exprimer des sentiments profonds. Exprimer la perte par des expériences créatives est une partie importante d'un deuil sain et peut enseigner aux enfants des stratégies d'adaptation positives qui dureront toute la vie.</p>
<p>Pendant un après-midi, les enfants âgés de 6 à 12 ans participent avec un adulte ou un parent à la commémoration du décès d'une personne ou d'un animal de compagnie qui leur était cher. Les bénévoles d’Hospice les guident à travers des activités simples de bricolage, de dessin et, en option, de spectacle et de récit. Les enfants y assistent avec un adulte et participent ensemble à l'atelier.</p>
<p>Consultez notre page d' <a href="https://hospiceyukon.net/site2/events/">page d'événements</a> pour connaître les offres à venir. </p>
</div>
</div></div></div></div></div>
</div>
