{"id":1008,"date":"2021-01-21T18:13:52","date_gmt":"2021-01-21T18:13:52","guid":{"rendered":"https:\/\/hospiceyukon.net\/site2\/?page_id=1008"},"modified":"2021-02-22T22:11:45","modified_gmt":"2021-02-22T22:11:45","slug":"counselling","status":"publish","type":"page","link":"https:\/\/hospiceyukon.net\/fr\/services\/counselling\/","title":{"rendered":"Soutien psychologique"},"content":{"rendered":"<div class=\"wpb-content-wrapper\"><div class=\"vc_row wpb_row vc_row-fluid\"><div class=\"wpb_column vc_column_container vc_col-sm-3\"><div class=\"vc_column-inner vc_custom_1611606824255\"><div class=\"wpb_wrapper\"><div class=\"testimonial-wrap wpb_content_element\" style=\"color:#373737\"><div class=\"testimonial\"><p class=\"quote\">\n<p><i><span style=\"font-weight: 400;\">\u00ab ...du coeur d'un p\u00e8re reconnaissant \u00e0 une organisation \u00e0 laquelle je serai \u00e0 jamais redevable - redevable parce que je suis gu\u00e9ri maintenant et capable de vivre une vie avec une pl\u00e9nitude et une compl\u00e9tude qui n'auraient pas \u00e9t\u00e9 possibles si vous n'aviez pas \u00e9t\u00e9 l\u00e0 pour moi pendant cette p\u00e9riode d'obscurit\u00e9. \u00bb<\/span><\/i><\/p><\/div><div class=\"testimonial-author\"><div class=\"testimonial-img\"><img decoding=\"async\" src=\"https:\/\/hospiceyukon.net\/wp-content\/uploads\/2020\/11\/heart_small.png\" alt=\"feel hearts\" \/><\/div><p>Ken Mathies<span>client du service de soutien psychologique<\/span><\/p><\/div><\/div><\/div><\/div><\/div><div class=\"wpb_column vc_column_container vc_col-sm-9\"><div class=\"vc_column-inner\"><div class=\"wpb_wrapper\"><div\n\t\t\t\n\t\t\tclass=\"so-widget-sow-image so-widget-sow-image-default-c67d20f9f743\"\n\t\t\t\n\t\t>\n<div class=\"sow-image-container\">\n\t\t<img \n\tsrc=\"https:\/\/hospiceyukon.net\/wp-content\/uploads\/2021\/01\/counselling-hands-e1611253083888.jpg\" width=\"1439\" height=\"845\" srcset=\"https:\/\/hospiceyukon.net\/wp-content\/uploads\/2021\/01\/counselling-hands-e1611253083888.jpg 1439w, https:\/\/hospiceyukon.net\/wp-content\/uploads\/2021\/01\/counselling-hands-e1611253083888-300x176.jpg 300w, https:\/\/hospiceyukon.net\/wp-content\/uploads\/2021\/01\/counselling-hands-e1611253083888-1024x601.jpg 1024w, https:\/\/hospiceyukon.net\/wp-content\/uploads\/2021\/01\/counselling-hands-e1611253083888-768x451.jpg 768w, https:\/\/hospiceyukon.net\/wp-content\/uploads\/2021\/01\/counselling-hands-e1611253083888-16x9.jpg 16w\" sizes=\"(max-width: 1439px) 100vw, 1439px\" title=\"counselling hands\" alt=\"counselling hands\" \t\tclass=\"so-widget-image\"\/>\n\t<\/div>\n\n<\/div><\/div><\/div><\/div><\/div><div class=\"vc_row wpb_row vc_row-fluid vc_custom_1613521330426\"><div class=\"wpb_column vc_column_container vc_col-sm-3\"><div class=\"vc_column-inner\"><div class=\"wpb_wrapper\"><\/div><\/div><\/div><div class=\"wpb_column vc_column_container vc_col-sm-9\"><div class=\"vc_column-inner\"><div class=\"wpb_wrapper\"><div\n\t\t\t\n\t\t\tclass=\"so-widget-sow-editor so-widget-sow-editor-base\"\n\t\t\t\n\t\t>\n<div class=\"siteorigin-widget-tinymce textwidget\">\n\t<h4 id=\"pgc-1008-0-0\" class=\"panel-grid-cell\" data-weight=\"0.30296610169492\">Soutien psychologique<\/h4>\n<div id=\"pgc-1008-0-1\" class=\"panel-grid-cell\" data-weight=\"0.69703389830508\">\n<div id=\"panel-1008-0-1-1\" class=\"so-panel widget widget_sow-editor panel-last-child\" data-index=\"2\" data-style=\"{&quot;padding&quot;:&quot;30px 30px 30px 30px&quot;,&quot;background_image_attachment&quot;:false,&quot;background_display&quot;:&quot;tile&quot;}\">\n<div class=\"panel-widget-style panel-widget-style-for-1008-0-1-1\">\n<div class=\"so-widget-sow-editor so-widget-sow-editor-base\">\n<div class=\"siteorigin-widget-tinymce textwidget\">\n<div class=\"page\" title=\"Page 1\">\n<div class=\"layoutArea\">\n<div class=\"column\">\n<p><span style=\"font-weight: 400;\">Nos conseillers sont sp\u00e9cialis\u00e9s dans la compr\u00e9hension des difficult\u00e9s uniques qui peuvent accompagner la perte et le deuil. Ils offrent compassion et sensibilit\u00e9, ainsi qu'un profond respect pour l'exp\u00e9rience de chacun. Ils \u00e9coutent sans porter de jugement, car c'est souvent dans le simple fait d'\u00eatre entendu que nous trouvons notre plus grand r\u00e9confort.\u00a0<\/span><\/p>\n<p><span style=\"font-weight: 400;\">Nous offrons du soutien individuel ainsi que du soutien familial ou de groupe. Les rendez-vous sont disponibles du mercredi au vendredi. Pour prendre un rendez-vous, contactez-nous par t\u00e9l\u00e9phone (867-667-7429) ou par courriel <a href=\"mailto:info@hospiceyukon.net\">info@hospiceyukon.net<\/a><\/span><\/p>\n<h4><strong>Soutien psychologique lors d\u2019un deuil<\/strong><\/h4>\n<p><span style=\"font-weight: 400;\">Chaque perte est unique. Certains trouveront des conseils utiles imm\u00e9diatement apr\u00e8s un d\u00e9c\u00e8s, ou des ann\u00e9es plus tard lorsque le moment est venu de gu\u00e9rir des pertes non r\u00e9solues. Tous sont les bienvenus.<\/span><\/p>\n<h4><strong>Soutien en cas de deuil anticip\u00e9<\/strong><\/h4>\n<p><span style=\"font-weight: 400;\">Lorsque le d\u00e9c\u00e8s d'un membre de la famille ou d'un ami est pr\u00e9vu dans un d\u00e9lai d'un an, la perte et le chagrin font partie du voyage de ceux qui seront laiss\u00e9s derri\u00e8re eux. Parler de ces sentiments difficiles peut \u00eatre un moyen de vous soutenir tout comme vous soutenez votre proche qui est en train de mourir.<\/span><\/p>\n<h4><strong>Soutien lors de soins palliatifs<\/strong><\/h4>\n<p><span style=\"font-weight: 400;\">Si vous \u00eates atteint d'une maladie grave, du soutien peut vous aider \u00e0 vivre dans l'incertitude tout en cherchant \u00e0 exercer un contr\u00f4le significatif sur ce qui vous attend. Un conseiller vous accompagnera pour exprimer vos espoirs et vos craintes, et vivre pleinement votre vie pendant le temps dont vous disposez.<\/span><span style=\"font-weight: 400;\">\u00a0<\/span><\/p>\n<\/div>\n<\/div>\n<\/div>\n<\/div>\n<\/div>\n<\/div>\n<\/div>\n<\/div>\n<\/div>\n<\/div><\/div><\/div><\/div><\/div>\n<\/div>","protected":false},"excerpt":{"rendered":"\"from a grateful father's heart to an organization I will forever be indebted to - indebted because I am healed now and able to live life with a fullness and a completeness that would not have been possible had you not been there for me during my time of darkness.\u201dKen Mathiescounselling client Counselling Our counsellors [...]","protected":false},"author":3,"featured_media":0,"parent":43,"menu_order":0,"comment_status":"closed","ping_status":"closed","template":"","meta":{"footnotes":""},"class_list":["post-1008","page","type-page","status-publish","hentry"],"_links":{"self":[{"href":"https:\/\/hospiceyukon.net\/fr\/wp-json\/wp\/v2\/pages\/1008","targetHints":{"allow":["GET"]}}],"collection":[{"href":"https:\/\/hospiceyukon.net\/fr\/wp-json\/wp\/v2\/pages"}],"about":[{"href":"https:\/\/hospiceyukon.net\/fr\/wp-json\/wp\/v2\/types\/page"}],"author":[{"embeddable":true,"href":"https:\/\/hospiceyukon.net\/fr\/wp-json\/wp\/v2\/users\/3"}],"replies":[{"embeddable":true,"href":"https:\/\/hospiceyukon.net\/fr\/wp-json\/wp\/v2\/comments?post=1008"}],"version-history":[{"count":43,"href":"https:\/\/hospiceyukon.net\/fr\/wp-json\/wp\/v2\/pages\/1008\/revisions"}],"predecessor-version":[{"id":1562,"href":"https:\/\/hospiceyukon.net\/fr\/wp-json\/wp\/v2\/pages\/1008\/revisions\/1562"}],"up":[{"embeddable":true,"href":"https:\/\/hospiceyukon.net\/fr\/wp-json\/wp\/v2\/pages\/43"}],"wp:attachment":[{"href":"https:\/\/hospiceyukon.net\/fr\/wp-json\/wp\/v2\/media?parent=1008"}],"curies":[{"name":"wp","href":"https:\/\/api.w.org\/{rel}","templated":true}]}}

<div class="wpb-content-wrapper"><div class="vc_row wpb_row vc_row-fluid"><div class="wpb_column vc_column_container vc_col-sm-3"><div class="vc_column-inner vc_custom_1611606824255"><div class="wpb_wrapper"><div class="testimonial-wrap wpb_content_element" style="color:#373737"><div class="testimonial"><p class="quote">
<p><i><span style="font-weight: 400;">« ...du coeur d'un père reconnaissant à une organisation à laquelle je serai à jamais redevable - redevable parce que je suis guéri maintenant et capable de vivre une vie avec une plénitude et une complétude qui n'auraient pas été possibles si vous n'aviez pas été là pour moi pendant cette période d'obscurité. »</span></i></p></div><div class="testimonial-author"><div class="testimonial-img"><img decoding="async" src="https://hospiceyukon.net/wp-content/uploads/2020/11/heart_small.png" alt="feel hearts" /></div><p>Ken Mathies<span>client du service de soutien psychologique</span></p></div></div></div></div></div><div class="wpb_column vc_column_container vc_col-sm-9"><div class="vc_column-inner"><div class="wpb_wrapper"><div
			
			class="so-widget-sow-image so-widget-sow-image-default-c67d20f9f743"
			
		>
<div class="sow-image-container">
		<img 
	src="https://hospiceyukon.net/wp-content/uploads/2021/01/counselling-hands-e1611253083888.jpg" width="1439" height="845" srcset="https://hospiceyukon.net/wp-content/uploads/2021/01/counselling-hands-e1611253083888.jpg 1439w, https://hospiceyukon.net/wp-content/uploads/2021/01/counselling-hands-e1611253083888-300x176.jpg 300w, https://hospiceyukon.net/wp-content/uploads/2021/01/counselling-hands-e1611253083888-1024x601.jpg 1024w, https://hospiceyukon.net/wp-content/uploads/2021/01/counselling-hands-e1611253083888-768x451.jpg 768w, https://hospiceyukon.net/wp-content/uploads/2021/01/counselling-hands-e1611253083888-16x9.jpg 16w" sizes="(max-width: 1439px) 100vw, 1439px" title="counselling hands" alt="counselling hands" 		class="so-widget-image"/>
	</div>

</div></div></div></div></div><div class="vc_row wpb_row vc_row-fluid vc_custom_1613521330426"><div class="wpb_column vc_column_container vc_col-sm-3"><div class="vc_column-inner"><div class="wpb_wrapper"></div></div></div><div class="wpb_column vc_column_container vc_col-sm-9"><div class="vc_column-inner"><div class="wpb_wrapper"><div
			
			class="so-widget-sow-editor so-widget-sow-editor-base"
			
		>
<div class="siteorigin-widget-tinymce textwidget">
	<h4 id="pgc-1008-0-0" class="panel-grid-cell" data-weight="0.30296610169492">Soutien psychologique</h4>
<div id="pgc-1008-0-1" class="panel-grid-cell" data-weight="0.69703389830508">
<div id="panel-1008-0-1-1" class="so-panel widget widget_sow-editor panel-last-child" data-index="2" data-style="{&quot;padding&quot;:&quot;30px 30px 30px 30px&quot;,&quot;background_image_attachment&quot;:false,&quot;background_display&quot;:&quot;tile&quot;}">
<div class="panel-widget-style panel-widget-style-for-1008-0-1-1">
<div class="so-widget-sow-editor so-widget-sow-editor-base">
<div class="siteorigin-widget-tinymce textwidget">
<div class="page" title="Page 1">
<div class="layoutArea">
<div class="column">
<p><span style="font-weight: 400;">Nos conseillers sont spécialisés dans la compréhension des difficultés uniques qui peuvent accompagner la perte et le deuil. Ils offrent compassion et sensibilité, ainsi qu'un profond respect pour l'expérience de chacun. Ils écoutent sans porter de jugement, car c'est souvent dans le simple fait d'être entendu que nous trouvons notre plus grand réconfort. </span></p>
<p><span style="font-weight: 400;">Nous offrons du soutien individuel ainsi que du soutien familial ou de groupe. Les rendez-vous sont disponibles du mercredi au vendredi. Pour prendre un rendez-vous, contactez-nous par téléphone (867-667-7429) ou par courriel <a href="mailto:info@hospiceyukon.net">info@hospiceyukon.net</a></span></p>
<h4><strong>Soutien psychologique lors d’un deuil</strong></h4>
<p><span style="font-weight: 400;">Chaque perte est unique. Certains trouveront des conseils utiles immédiatement après un décès, ou des années plus tard lorsque le moment est venu de guérir des pertes non résolues. Tous sont les bienvenus.</span></p>
<h4><strong>Soutien en cas de deuil anticipé</strong></h4>
<p><span style="font-weight: 400;">Lorsque le décès d'un membre de la famille ou d'un ami est prévu dans un délai d'un an, la perte et le chagrin font partie du voyage de ceux qui seront laissés derrière eux. Parler de ces sentiments difficiles peut être un moyen de vous soutenir tout comme vous soutenez votre proche qui est en train de mourir.</span></p>
<h4><strong>Soutien lors de soins palliatifs</strong></h4>
<p><span style="font-weight: 400;">Si vous êtes atteint d'une maladie grave, du soutien peut vous aider à vivre dans l'incertitude tout en cherchant à exercer un contrôle significatif sur ce qui vous attend. Un conseiller vous accompagnera pour exprimer vos espoirs et vos craintes, et vivre pleinement votre vie pendant le temps dont vous disposez.</span><span style="font-weight: 400;"> </span></p>
</div>
</div>
</div>
</div>
</div>
</div>
</div>
</div>
</div>
</div></div></div></div></div>
</div>
